*3 + 5*s**2 + 5*s + 1. Let c be y(6). Give t(c).
-4
Let l(i) = i + 4. Let h be 6/(-9) - (-78)/9. Let a(t) = 4*t - 8. Let o be a(h). Let g be o/(-15) - (-4)/(-10). Calculate l(g).
2
Let d(w) = -w + 3. Let k be 3*(-4)/(-6) - -2. Suppose -b - k*b = 35. Let c = b - -11. Give d(c).
-1
Let t = 7 + -4. Suppose 4*h - 6 = v, -4*v + 2*h + 38 = 6. Let w(x) = 3 + x**3 - 7*x - 2*x**3 + v*x + 1 + 2*x**2. Determine w(t).
4
Let c = -2 - -2. Suppose w + w + 4 = c. Let l(o) = o**3 + 3*o**2 - 3*o - 3. Determine l(w).
7
Let r = 20 + -19. Let n(o) be the third derivative of o**6/40 - o**3/6 + o**2. What is n(r)?
2
Let s(g) = -g - 4. Let f be 5/((-15)/(-6)) + (-56)/7. What is s(f)?
2
Let d(f) = f**2 + 3*f - 1. Let t = -19 + 3. Let w = -10 - t. Let p = w + -10. Determine d(p).
3
Let x(z) = 0*z**3 + 42*z**2 + 8*z - 35*z**2 - z**3 + 4. Calculate x(8).
4
Let c(s) be the first derivative of s**3/3 - 3*s**2 + 4*s + 13. Let f(v) = v**3 - v**2 + 5. Let x be f(0). What is c(x)?
-1
Let v(h) = 1 - 143*h**2 + 83*h**2 + 67*h**2. Calculate v(-1).
8
Suppose -4*p = w + 19, 5*p + 3*w = p - 17. Let v(x) = -2*x - 7. What is v(p)?
3
Suppose 2*x + 1 + 3 = u, -4*x = 2*u. Let r be 9/u - (-6)/12. Let l(c) = c**3 - 6*c**2 + 3*c + 7. Give l(r).
-3
Let r(c) be the first derivative of -2*c**3 - c - 2. Let n be (-2)/3*6/(-4). What is r(n)?
-7
Let r(f) = -f + 6 + 6 - 18. Give r(0).
-6
Let m = 4 + -3. Let q be (-5)/10 + m/2. Suppose -5*c = n - 11, 3*c + 2*n - 1 = -q*c. Let d(r) = -r - 1. What is d(c)?
-4
Let l(n) = 7*n**3 - 12*n**2 + 5*n - 2. Let v(u) = 4*u**3 - 6*u**2 + 2*u - 1. Let h(r) = -3*l(r) + 5*v(r). What is h(4)?
13
Let f(l) = l + 1. Let d(o) = 7*o**2 + 28*o - 6. Let h be d(-4). Determine f(h).
-5
Let v be (-2)/(-7) - (-32)/(-14). Let f(r) = -r**3 + r - 1. What is f(v)?
5
Let t be 3 + 2/((-4)/6). Suppose 2*q - 6 = -4*f, t = 5*q - 10*q + 4*f - 13. Let g(k) = 5*k - 1. Determine g(q).
-6
Let s be (-6)/(-4)*8/6. Let h(n) be the second derivative of n**6/720 + n**4/6 - n. Let b(w) be the third derivative of h(w). Determine b(s).
2
Let y(z) = 0*z - 8 + z - 3. Let t(r) = -4. Let l(k) = -8*t(k) + 3*y(k). Suppose 0 = -5*a + 6 + 9. Give l(a).
8
Let f(c) = -c**2. Let z(g) = g + 8. Let b be z(-6). Calculate f(b).
-4
Let c(h) = h**3 - 3*h**2 - 3*h - 3. Suppose j = 2*j. Suppose -s - 25 = 3*n - j*n, 0 = -5*s - 3*n - 65. Let w be (-16)/s*(-10)/(-4). Determine c(w).
1
Suppose 5*x = 2*x - 27. Let j(i) = i**2 - 2*i - 5. Let y(r) = -5*r**2 + 9*r + 20. Let u(p) = x*j(p) - 2*y(p). Let b = 1 + -1. Calculate u(b).
5
Let b be 0/(-1 - 2) - -26. Suppose 0 = -0*a + 5*a - 2*j + b, -5*j + 3 = 3*a. Let x(p) = -p**2 - 4*p - 5. Calculate x(a).
-5
Let o be (5 + 1)*7/14. Let h(z) = z**2 - 2*z + 2. What is h(o)?
5
Let b(u) = -u**3 - 7*u**2 + 7*u - 6. Let l be b(-8). Let g = 1 + l. Let m(c) = 2*c - 4. Give m(g).
2
Let q(o) = 15*o + 9. Let y(z) = 8*z + 5. Let t(p) = -6*q(p) + 11*y(p). Calculate t(-5).
11
Let j(l) be the second derivative of l**3/3 + l**2/2 + 9*l. Determine j(1).
3
Let q(v) be the first derivative of -v**4/4 - 4*v**3/3 + 5*v**2/2 + 4*v + 1. Let c = -3 + -2. Give q(c).
4
Let k(h) be the second derivative of 1/120*h**5 + 0 - 2*h + 0*h**2 + 1/2*h**3 + 1/12*h**4. Let j(b) be the second derivative of k(b). Calculate j(0).
2
Let q = -2 + 7. Suppose -i = -2*k - 2*i + 110, -q*k = 2*i - 274. Let m be (-12)/k + (-68)/18. Let o(n) = -n**3 - 4*n**2 + 3*n + 3. What is o(m)?
-9
Let w(k) be the second derivative of 0 + 0*k**2 + 9*k - 1/6*k**3 - 3/20*k**5 - 1/12*k**4. Give w(-1).
3
Let d(w) = 6*w**2 - w - w - w**3 + w + 7 - w. What is d(6)?
-5
Let k(t) = -t**3 - 2*t**2 + 3*t + 4. Let u be k(-3). Let o be u/10 + (-17)/5. Let p(f) = -f**3 - 3*f**2 + 2*f + 2. Calculate p(o).
-4
Let l(t) = -2*t**2 - t - 4 - 3*t + 0*t**2. Let n(a) = a**3 - 4*a**2 - 7*a + 7. Let v be n(5). Determine l(v).
-10
Let g(f) be the second derivative of -f**5/20 - f**4/3 + 2*f**3/3 - 7*f**2/2 + 29*f. What is g(-5)?
-2
Suppose 0 = -2*u + 3*a - 28 - 6, 47 = -5*u - 2*a. Let o(v) = v**2 + 12*v + 14. Determine o(u).
3
Suppose 44 = 3*x + 44. Let i(r) = r - 1. Give i(x).
-1
Let r(z) = 2*z - 12. Let f be r(8). Let o be (-6)/27 + (-40)/(-18). Let t(x) = -3*x - 5*x**3 - o*x + f*x + 2*x**2. Calculate t(1).
-4
Let s be -3*2/(-6)*-2. Let a(x) = x + 7. Let t(r) = -2. Let q(d) = -2*a(d) - 6*t(d). Give q(s).
2
Let v(l) be the first derivative of l**3/3 - 3*l**2/2 - 5*l - 13. What is v(5)?
5
Let o(z) be the first derivative of z**6/120 - z**5/10 - 7*z**4/24 - 5*z**3/6 - 7*z**2/2 + 4. Let n(x) be the second derivative of o(x). Determine n(7).
-5
Let h(x) = 2*x - 5 + 2*x**2 - x**2 + x. Let v(j) = -24*j - 174. Let b be v(-7). Calculate h(b).
13
Let o(v) be the second derivative of -v**5/20 + v**4/4 + v**3/2 - v**2 - 4*v. Calculate o(3).
7
Let t(g) be the third derivative of g**5/60 - g**4/24 + g**3 - 56*g**2. Let b be (-2)/5 - 2/(-5). Determine t(b).
6
Let w(i) = -i**3 + i**2 + 3*i - 3. Suppose 1 = 15*b - 29. Calculate w(b).
-1
Suppose 5*w + 3*r + r + 20 = 0, 0 = 4*w - 3*r - 15. Let g(o) = w*o + 2*o + 0*o - 9. Let d(b) = b - 5. Let y(s) = 7*d(s) - 4*g(s). Give y(1).
0
Let y(t) = t**2 + t - 1. Let v(g) = -3*g**2 - 3*g + 3. Let m(j) = 2*v(j) + 5*y(j). Determine m(0).
1
Let u(v) = 2*v - 2 + 6 - 3. Give u(-5).
-9
Let b(n) = -5 + 39*n + 36*n - 76*n. What is b(5)?
-10
Let o(u) = 2*u - 11. Let m be 21/(-3)*(-1 - -2). Let f = -11 - m. Let i(d) = -d + 5. Let s(n) = f*o(n) - 9*i(n). Determine s(-5).
-6
Let c(t) be the second derivative of -t**4/12 - t**3/3 + t**2 + 6*t. Determine c(-2).
2
Let x(n) = 6*n**2 - 2*n - 1. Let q be x(-1). Let a(l) = l - q + 1 - 2*l. What is a(-5)?
-1
Let t(k) = 3 + 96*k**2 - 47*k**2 - 3*k - 47*k**2. Calculate t(2).
5
Let b(p) = 12*p**3 - p**3 - 10*p**3. What is b(2)?
8
Let t(w) = w**3 - w**2 - 3*w + 2. Let n be t(2). Let b(g) = g**3 - g**2 + g + 6. Determine b(n).
6
Let t(a) be the second derivative of a**7/420 - a**6/360 - a**5/120 - a**4/12 + 2*a**3/3 - 4*a. Let r(n) be the second derivative of t(n). What is r(2)?
8
Let d(i) = 6*i + 0*i - 51 + 52 - 3*i. Suppose 0 + 2 = -w. Give d(w).
-5
Let x(q) be the third derivative of q**5/15 + q**4/12 - q**3/3 + q**2 - 39. Determine x(-2).
10
Let o(y) = 16*y - 2. Let m(r) = -9*r + 1. Let i(j) = 7*m(j) + 4*o(j). Determine i(-8).
-9
Let h be 4/(-32)*-4*0. Let b(k) = k**2 - k + 11. What is b(h)?
11
Let s(v) = -3*v - 4. Let r(f) = -13*f - 16. Let a(c) = 2*r(c) - 9*s(c). Determine a(0).
4
Let l(a) = -6*a + 2. Let m be 2/11 - 371/(-77). Suppose q + z = -3*z + 18, 4*z = -m*q + 26. Calculate l(q).
-10
Let q(r) = 2*r**2 - r - 1. Let z be q(-1). Let j(u) = u**z - 1 - 2 + 4 - u**3. Suppose 0 = -0*d - 2*d. Give j(d).
1
Let m(z) = -30*z**3 + 10*z**3 - z - 9 + 8*z**3 + 11*z**3. Determine m(0).
-9
Let m be 14/6*(-1 - -4). Suppose -p + 2*z - m = -2*p, 3*p + 3*z - 12 = 0. Let y be -5*p/5*-2. Let t(i) = i**3 - 3*i**2 + 2. Calculate t(y).
-2
Let n(u) = 8*u - 1. Let d(s) = -s**3 + s**2 + 6*s + 2. Let p be d(3). Calculate n(p).
15
Let p(h) be the second derivative of -h**4/24 + 5*h**3/6 + h**2/2 + h. Let w(q) be the first derivative of p(q). Calculate w(4).
1
Let q(t) = -t**3 - 4*t**2 + 2*t - 5. Let u be q(-5). Let d(p) = -p**2 + 10*p - 6. Let r be d(u). Let x(j) = -j**3 - 5*j**2 + 5*j + 1. What is x(r)?
7
Let f = -1 + 2. Let j(b) = 1. Let y(a) = 5 - 4*a - 8 + 2*a. Let c(x) = f*y(x) + 4*j(x). Give c(-2).
5
Let q(i) = -i + 2. Let y be q(7). Let k(c) be the first derivative of c**2/2 + 8*c + 7. Determine k(y).
3
Let r(c) = 2*c - 34 + 2*c**3 + 27 + 5*c**2 - 3*c - c**3. Let q be (0/(-2) + -6)/(-1). Let l(z) = -z**2 + 5*z + 1. Let w be l(q). Give r(w).
-2
Let v(n) = n**2 - n - 2. Let f = -36 + 34. What is v(f)?
4
Let y(p) be the third derivative of 5*p**4/12 + p**3/6 + 3*p**2. Determine y(1).
11
Let f(m) = -6*m**3 - m + 1. Suppose -p + 1 = 4*n - 4*p, 2*n - 2 = 2*p. Let o = 0 - n. Let j = 3 - o. Give f(j).
-6
Let y be (-23)/(-2) + 7/14. Let m(t) = 30 + 5*t**2 - 6*t - y - 13 + t**3. Determine m(-6).
5
Let n(h) = h - 4. Let i = -10 - -7. Calculate n(i).
-7
Let x(j) = -j**2 + j - 1. Suppose 0 = -3*a - 3*q + 15, -3*a + 16 = 2*q + 2*q. Suppose -4*n + o + 26 = 0, 5*n - 2*o + o = 32. Let k = n - a. What is x(k)?
-3
Suppose z - 7 = -s, 0*z - s - 13 = -3*z. Let c(j) be the second derivative of 1/20*j**z + 1/6*j**3 + 3/2*j**2 + 0*j**4 - j + 0. Giv